-1)*(-9)/(-2). Let a(s) = s**3 - 15*s**2 + 34*s - 492. Let d be a(15). Calculate the highest common factor of d and j.
9
Let i be (-10)/(-20)*-2*(-30)/2. What is the greatest common factor of i and 165?
15
Let z be 8/(-90)*5 + (-3572)/(-18). Calculate the greatest common factor of z and 126.
18
Let w = 440 - 160. What is the highest common divisor of w and 448?
56
Let y be (-84)/(-48)*((10 - 1) + -1). Calculate the highest common divisor of y and 35.
7
Suppose 4*s - 24 = -4*k, -s - 1 = -4*k + 13. Let o be (3/6 - 1) + 191/s. What is the highest common factor of 19 and o?
19
Let l(m) = 20*m**2 + m + 1. Let o be l(-2). Suppose o = -r + 317. What is the highest common factor of r and 34?
34
Let v = 86 - 77. Suppose v = w + 4, -3*i + 5*w + 485 = 0. Calculate the highest common factor of 10 and i.
10
Let y = -13 - -15. Suppose 5*c + 2 - 1 = 4*a, -4*a = -y*c + 2. Let v = 15 - a. Calculate the greatest common factor of 8 and v.
8
Suppose -380 = -2*d + 5*y, -570 = -10*d + 7*d + 3*y. What is the greatest common factor of d and 266?
38
Let t be ((-16)/3 - 0)/(4/(-36)). Calculate the greatest common factor of t and 1296.
48
Let v(o) = -o**3 - 3*o**2 - 4*o + 4. Let d be v(-4). What is the greatest common divisor of 1692 and d?
36
Suppose 0 = -10*d - 13 + 133. Suppose -x + d = 2*i, 5*i - 15 - 4 = 3*x. What is the highest common divisor of 22 and x?
2
Let r(x) = 173*x - 1013. Let g be r(6). What is the highest common divisor of g and 10?
5
Let x(s) = -12*s + 4. Let q be x(-4). Let w be (q/5)/(26/65). Calculate the highest common factor of w and 78.
26
Let b = -12166 + 12202. Suppose 5*m - 2*v = 357 + 445, 4*v - 664 = -4*m. What is the highest common divisor of b and m?
18
Let h(w) = -2*w + 15. Let d be h(10). Let c = d + 13. Let l = 92 + -84. Calculate the greatest common factor of c and l.
8
Let i = -150 - -153. Suppose 4*h - 88 = 3*h + a, -i*a = 5*h - 456. Calculate the greatest common factor of 9 and h.
9
Let d be (2/(-26))/(323/(-109174)). Let n = 3 - 1. Calculate the greatest common factor of n and d.
2
Suppose 0 = -2328*f + 2332*f - 1728. What is the highest common factor of 162 and f?
54
Let q(j) = -3*j + 8. Let d be q(-2). Let t(y) = -3 - y**3 - 12 + 94*y - 104*y + d*y**2. Let g be t(13). What is the greatest common divisor of g and 36?
12
Let a = 73 + 14. Suppose 47 = w - 11. What is the greatest common divisor of w and a?
29
Let c = 1602 + -597. What is the greatest common divisor of c and 15?
15
Suppose 0 = -7*d - 21 - 7. Let h be d/(-10) - 420/(-75). What is the greatest common divisor of h and 18?
6
Suppose 0 = -4*m - 5*a + 35, -2*a + 4 = -2. Suppose -p + 5*t + 75 = 4*p, 66 = m*p - 2*t. What is the highest common factor of p and 30?
6
Let f be 23 - (8/4 + 2). Let y = 5 + f. What is the highest common factor of y and 3?
3
Let w = -883 + 928. Suppose 5*g = -2*l + 39 + 51, 4*g - 72 = -5*l. Calculate the greatest common factor of w and g.
9
Let l = 33 - 21. Suppose t = 0, t - 177 - 63 = -5*j. What is the greatest common factor of j and l?
12
Suppose -2*g = -1 + 49. Let q be (7 - 0) + g/8. Suppose -q*w + 2*d = -2 - 22, 4*d = -4*w. What is the greatest common factor of 28 and w?
4
Let n = 182 + -143. Calculate the greatest common divisor of n and 13.
13
Let b(w) = 2*w + 28. Let i be b(-5). Let g = -17 + 29. Calculate the greatest common divisor of i and g.
6
Suppose 0 = -25*i + 31*i - 30. Suppose y + f = 76, i*y = f + 289 + 67. Calculate the highest common divisor of y and 18.
18
Suppose 0 = 13*h - 15*h - 20. Let o be 86/6 + h/(-6). Calculate the highest common divisor of o and 4.
4
Suppose -r = -5*r + 20. Let a = 190 - 170. Calculate the greatest common factor of r and a.
5
Let y be ((-4)/26 - (-69)/26)*48. Suppose 3*h - 5*h - 8 = 0, -w = -3*h - 27. What is the greatest common factor of w and y?
15
Let o = -11 - -18. Let a(h) = h**2 + h - 37. Let d be a(8). Calculate the greatest common divisor of d and o.
7
Let a be -8 + (-23)/((-138)/216). Calculate the greatest common factor of 938 and a.
14
Let s(f) = f**3 - 2*f**2 + 3*f. Let n be s(5). Suppose -4*g + 11*c - 9*c + 238 = 0, -61 = -g - c. What is the highest common divisor of g and n?
30
Let o(u) = -13*u**2 - 15*u - 3*u**2 - 4*u**3 + 3*u**2 + 5*u**3. Let w be o(14). Let h be 720/84 - 6/w. Calculate the highest common divisor of 63 and h.
9
Let n(q) = -2*q**2 + 51*q + 111. Let v be n(27). What is the highest common divisor of 750 and v?
30
Let p(g) = 33*g + 3. Let c be p(3). Let w = 114 - c. Let q be 40/6 - 2/3. Calculate the highest common factor of q and w.
6
Suppose -2*d = -151 + 21. Let r = d - 10. Calculate the greatest common factor of r and 11.
11
Let w = 36 + -20. Let t be 1*(-3 - -5) + 1. Suppose -2*q + 3*g + 215 = 0, -2*q - t*g = -7 - 226. Calculate the greatest common divisor of q and w.
16
Suppose -15*n + 733 = -1247. What is the highest common factor of n and 12?
12
Let j be (24/5)/((-27)/(-90)). Suppose 28 = 4*u - j. Let y be u/22 + (-197)/(-2). Calculate the highest common divisor of 11 and y.
11
Let f(p) = 62*p + 41. Let v be f(2). Suppose 0 = -4*j + 4*i + 244, 2*i + 178 = 3*j - 2*i. Suppose -3*k = -k - j. What is the greatest common divisor of v and k?
33
Suppose -3*n + 4*n = 2, -5*f - 4*n - 2 = 0. Let c(q) = 2*q**2 + q - 4. Let o be c(f). What is the greatest common factor of o and 3?
1
Let p be 22/(-55) + (-317)/(-5). Let b(j) = -j + 12. Let m be b(3). What is the highest common factor of m and p?
9
Suppose -6*i + 8*i = 42. Let u(k) = 36*k**2 + 10*k - 10. Let p be u(10). Let v be 9/(-21) + p/35. Calculate the greatest common divisor of v and i.
21
Let r(v) = 10*v - 1. Suppose -5*w + 2*w - 3 = 0. Let n be r(w). Let a(l) = -l + 9. Let o be a(n). Calculate the highest common divisor of 20 and o.
20
Let f = -31 - -24. Let p = -5 + f. Let y(r) = -2*r + 20. Let w be y(p). Calculate the greatest common divisor of 22 and w.
22
Let z = -201 - -762. What is the greatest common divisor of z and 99?
33
Let m(q) = -62*q + 78. Let u be m(-7). What is the highest common divisor of 4 and u?
4
Suppose 0*n = -3*n + 27. Suppose 609 = 9*r + 42. Calculate the greatest common factor of r and n.
9
Suppose -12*j + 394 + 110 = 0. Let h = 328 - j. Calculate the greatest common factor of h and 26.
26
Let v(h) = -h**2 + 11*h + 6. Let u be v(11). Suppose 5*s = u*s - 143. What is the highest common factor of s and 13?
13
Let v = -4 - -7. Let m be (v - 4/2)*12. Suppose -485 + 5 = -16*s. What is the greatest common factor of s and m?
6
Let l be (-3 - -1)/((-2)/3). Let g(i) = i + 23. Let z be g(l). What is the highest common divisor of z and 130?
26
Let l = -138 - -165. What is the highest common divisor of l and 135?
27
Let l = -642 - -742. What is the highest common factor of l and 60?
20
Suppose 0 = -3*v + 2*j - 4*j + 28, -3*v + 5*j = -35. Let z be 20/6*15/v. What is the highest common factor of 5 and z?
5
Let l be 5 - -1 - (-28 + 16). What is the greatest common divisor of l and 441?
9
Let s(l) = 3*l**2 + 19*l + 33. Let x be s(-11). What is the greatest common factor of x and 11?
11
Suppose -18*h = -11*h - 308. Calculate the greatest common divisor of 396 and h.
44
Suppose -83 - 29 = 7*d. Let s(j) = 3*j**2 + 40*j + 2. Let m be s(d). Calculate the greatest common divisor of m and 26.
26
Suppose -4*c = -12, -3*f = -0*c + c - 9. Suppose -u - 129 + 19 = 0. Let s be (-200)/u + (-6)/(-33). What is the highest common divisor of f and s?
2
Suppose -5*n - 8 + 53 = 0. Suppose -68 = -13*s + n*s. What is the highest common divisor of s and 34?
17
Suppose 3*d - 68 = -5*g, -3*d - 9*g = -6*g - 60. Calculate the greatest common factor of d and 272.
16
Let c(u) = u - 7. Let b be c(12). Let s(n) = -n + b - 2*n - 4 - 4*n. Let g be s(-3). Calculate the highest common factor of 55 and g.
11
Let v(o) = -2*o - 6. Let z be v(-4). Let h be (z/3)/(5/210). Calculate the greatest common factor of 56 and h.
28
Suppose 4*k = -3*p + 116, 37*p - 32*p + 3*k = 208. What is the greatest common factor of 8 and p?
4
Suppose 2*p - 72 = 42. Calculate the highest common divisor of p and 456.
57
Let w(d) = 15*d - 199. Let t be w(15). What is the greatest common factor of t and 2?
2
Suppose -9*s = -4*s + 2*m + 521, 0 = -3*s - 5*m - 305. Let c = s + 140. Calculate the highest common divisor of 385 and c.
35
Suppose 1046 = -8*f + 16006. What is th